6259. Is w a prime number?
False
Let a(c) = -2178*c - 1. Let w be a(-6). Let g(p) = -p**3 + 39*p**2 - 139*p - 112. Let h be g(32). Suppose 0*j + s = j - h, 5*j + 4*s - w = 0. Is j prime?
False
Suppose 70 = -2*i + 2. Let r = -47 - i. Let y(u) = 4*u**2 - u + 18. Is y(r) a prime number?
False
Is (71504 - -2)/(218/109) prime?
True
Suppose -h = 4*z + 3 + 1, 0 = h + z - 2. Is (-6 + 138/24)*-24611*h prime?
True
Let a = 166871 + -39672. Is a a composite number?
True
Let g = -5635 - -911048. Is g a prime number?
True
Suppose -20*x = -278741 - 39. Is x a prime number?
False
Let o be 1*(7 + -6 + 6 + 0). Let t be o - 6 - (-8)/(-2). Is t*1 + 209 + 5 a prime number?
True
Let t(k) = -18*k - 17. Suppose 117*h = 120*h + 108. Is t(h) a composite number?
False
Let h = 287017 + -78390. Is h composite?
False
Suppose 2*s + 3*u - 9 = 0, 5*u + 7 = -18. Suppose s*b - 720 = 1068. Is b composite?
False
Suppose -19*a - 16 = -23*a. Let g(d) = 25*d**2 + 37*d - 15. Let x(l) = 13*l**2 + 18*l - 7. Let v(z) = -2*g(z) + 5*x(z). Is v(a) composite?
True
Suppose 4*s - 3675 - 4221 = 0. Suppose 5*j - 2*p + 4935 = 0, 0*j - 2*j + p = s. Let r = j - -1696. Is r composite?
False
Let w(g) = -2061*g**2 + 16*g - 11. Let t(u) = u**2 + 3*u - 7. Let o be t(3). Let j(b) = 412*b**2 - 3*b + 2. Let m(s) = o*j(s) + 2*w(s). Is m(1) prime?
True
Let h(g) = 3*g**2 - 9*g - 5. Let n(w) = 4*w + 64. Let f be n(0). Suppose -2*m + 10 = 0, 8 = 4*a - 4*m + f. Is h(a) prime?
False
Let l be (((-285)/(-6))/19)/((-1)/4442). Let w = l + 34204. Is w a prime number?
True
Suppose c + 3*d = -16, 5*c + 8*d - 4*d = -69. Is (-10)/(-4)*(c - -6837) - 6 a composite number?
True
Let d(b) = -b**3 + 147*b**2 - 59*b - 148. Is d(-31) composite?
True
Let y(i) = -126*i + 47. Let o(x) = -1 - 6*x**3 - 13 + x**2 - 10*x**2 - 9*x + 5*x**3. Let q be o(-8). Is y(q) a prime number?
False
Let u be 0 + (-48)/8 + 266. Let p = u + 331. Is p a composite number?
True
Let t = 30944 + -21343. Is t a composite number?
False
Let p = 471360 + -320441. Is p a composite number?
False
Is (44/682)/1 + 8361192/62 composite?
True
Let n(k) = -502*k - 23. Let h(t) = 2511*t + 117. Let c(f) = -4*h(f) - 21*n(f). Let d be c(-8). Let y = -1048 - d. Is y prime?
False
Let d be (-21)/(-28) + (-36)/(-16). Is 36304/8 + d*2/(-2) a composite number?
True
Let u = -6 + 1. Let d be (-1 + 3/u)*-5. Suppose -2*b + 4*n + 127 = -67, 0 = 2*n + d. Is b prime?
True
Let n(j) = -4*j**2 + 16*j + 18. Let g(u) = -3*u**2 + 17*u + 18. Let o(i) = 2*g(i) - 3*n(i). Let w be o(13). Is (0/11 + w/(-4))*-2 a composite number?
True
Is -50 + 43 - -20421*4/2 composite?
True
Suppose 4*f - 71 + 211 = 0. Let g = 34 + f. Is (1 - 55)*g - 1 a composite number?
False
Let c = 63 + -60. Suppose -3*d = -n - 52, -c*n + 4 = d - 0. Suppose -1031 = d*z - 20247. Is z composite?
False
Suppose -13*i - 6*i = -36*i + 6901269. Is i a composite number?
True
Let y(r) = 125*r**2 + 48*r + 305. Is y(-8) a prime number?
False
Suppose -24*j + 37*j = 29523. Suppose -8*d - j = -f - 10*d, -f + 2*d = -2291. Is f composite?
False
Suppose 550338 = -15*h + 2690193. Is h composite?
False
Let j(a) = a**3 - 4*a**2 - 7*a + 21. Let u(c) = -28*c - 2. Let f be u(-3). Let b = -71 + f. Is j(b) a prime number?
False
Suppose 0 = -2*q - 0*q - 4*r + 770, 1909 = 5*q + 2*r. Let d = q + -176. Is d a composite number?
True
Let y = 47 - 44. Suppose 3*x - 32 = -v, y*x - 24 = -v + 8*x. Suppose 33*j - 3972 = v*j. Is j prime?
False
Let b(g) be the first derivative of -47*g**2/2 - 17*g + 7. Let a be b(-4). Let d = 382 - a. Is d a composite number?
False
Suppose -5*k + 93 = 18. Let q(z) = 4*z**3 - 16*z**2 - 6*z + 19. Let n(p) = p**3 + 1. Let c(m) = 3*n(m) - q(m). Is c(k) a prime number?
False
Let m = 127035 + -81014. Is m a prime number?
True
Let n = -11 + 25. Suppose 0 = o - 2*a + 8, 5*a = -o - 1 + n. Let l(u) = -69*u**3 + 5*u**2 + 2*u + 3. Is l(o) a composite number?
False
Let b = -110627 - -418566. Is b composite?
False
Suppose -4*f - 18 + 26 = 0. Let l be 8/(6 - (f + 2)). Suppose 486 = -l*i + 9422. Is i a composite number?
True
Let r(c) = 5802*c - 2180. Is r(43) a composite number?
True
Suppose 2*g - 120 = 3*n - n, -4*n = -3*g + 236. Is (6 + 322/n)/(1/64868) a prime number?
True
Suppose -2*s - 18 + 6 = u, 72 = -4*u + 4*s. Let d(k) = -k**3 - 13*k**2 + 26*k + 6. Let i be d(u). Suppose 201 = 3*o - 4*m, 0*m - i = -5*o - m. Is o composite?
False
Let i be (-2)/10 + 117684/20 + 0. Suppose 57*v - 61*v + i = 0. Is v composite?
False
Let b be (-1 - -2)/(5/(-15)). Is 1/((21/(-54698))/b) prime?
False
Suppose 8*j - 6*j + 1009695 = 5*t, 5*j = -25. Is t a prime number?
True
Let b(i) = 1219*i**2 - 241*i - 1399. Is b(-6) prime?
False
Suppose 12*t + 50 = 17*t. Suppose -1560 - 2600 = -t*y. Suppose 4*z - 2*z = 3*x - 1209, -x + y = -5*z. Is x a composite number?
False
Suppose 13*i = 10*i - 969. Let z = 530 + i. Let m = z - -100. Is m composite?
False
Let m(t) = -2*t + 15. Let s be m(8). Let p be s/(-2)*0 - 354. Is (-2)/((16/p)/4) prime?
False
Is (-6)/10*3471915/(-9) a prime number?
True
Let c(v) = 5470*v**3 + 4*v**2 - 12*v + 4. Is c(3) prime?
False
Suppose 2340572 + 765603 = 5*m. Is m a prime number?
False
Let d be 7*673/4 + 2/8. Suppose -y + 586 = -j, 0 = 2*y + 4*j - 0*j - d. Is y composite?
False
Let x be 1137*(80/(-24) + 12/(-9)). Let h = x - -8863. Is h composite?
False
Is (10*(-10)/800)/(2/(-985648)) prime?
True
Let a(p) = -69*p + 21. Let m be 20/(-3)*(-45)/10. Suppose 5*i + 10 = -m. Is a(i) a prime number?
False
Suppose 0 = -3*w - 2*h + 46977 - 185306, -w = -5*h + 46121. Let n = 72000 + w. Is n a composite number?
False
Let c = -114908 - -212575. Is c composite?
True
Let r(j) = -804*j**3 + 5*j**2 + 4*j + 4. Let s(d) = -3*d**2 + 27*d - 45. Let l be s(2). Is r(l) a composite number?
True
Let p(m) be the third derivative of m**4/6 - 2*m**3 + 9*m**2. Let j be p(4). Suppose j*u + 1155 = x - 754, -4*u + 7576 = 4*x. Is x prime?
False
Let r be ((-45)/(-30))/((-3)/4). Is 19996/(-6)*3/r a composite number?
False
Suppose 0 = 12*k - k - 9878. Let i = k + 744. Is i composite?
True
Let x(c) = -2*c**3 + 39*c**2 + 21*c - 25. Let r be x(20). Let u(s) = -45*s**3 - 6*s**2 - 4*s + 6. Is u(r) a composite number?
False
Let y be 376/(-5) + 13/65. Let h be (-780)/y + 3/5. Suppose h*g + 1268 = 15*g. Is g a composite number?
False
Suppose 870 = 6*x + 720. Suppose 39*c - 8862 = x*c. Is c composite?
True
Suppose -1432668 = -4*h + 4*o, -2*o - 608967 - 823697 = -4*h. Is h prime?
False
Suppose 0*c + 8 = -4*c, -4*y - 5*c + 234 = 0. Suppose 0 = 5*f - j - 602 - y, 4*f = -4*j + 516. Let h = f + 77. Is h composite?
True
Let d(q) = 16*q**3 - 155*q**2 + 275*q - 195. Let c(p) = -3*p**3 + 31*p**2 - 55*p + 39. Let v(r) = 11*c(r) + 2*d(r). Is v(28) composite?
True
Let y be 10*2*((-27)/(-5) - 3). Let k = y + -27. Is 346/(2 + (-36)/k) prime?
False
Suppose -2*d - 86 = -78. Is 3777 - (-18)/36*d/(-1) composite?
False
Let j be -1 - ((-6)/4 + (-17)/(-2)). Let k be (44/j)/((-2)/(-212)). Let o = k + 1316. Is o a prime number?
True
Let q be ((-18)/10)/(-3) - 163155/(-75). Suppose -r = -2*p + q, -9*r + 4*r = 5*p - 5425. Is p composite?
False
Let x be (-3 + -15)/(-4 - (-2 - 4)). Let w be (x + 4 - -6)/((-2)/2). Let j(a) = -673*a**3 - 2*a**2 - 2*a. Is j(w) composite?
False
Suppose 71690562 = -98*z + 125*z. Is z prime?
False
Let k = 432929 + -102936. Is k a prime number?
True
Let a(x) = 2*x - 10. Let w be a(5). Suppose -14*p + 10*p - 516 = w. Let b = p + 256. Is b a composite number?
False
Let b = 136210 + 125067. Is b composite?
True
Let z(m) = -6*m**2 + 24*m + 2. Let l be z(4). Suppose -o + 2*n = 2*o - 983, l*o - n - 657 = 0. Is o composite?
False
Let g be (-28)/(-126) - 291/(-27). Suppose -o = -2, g*h - o = 7*h + 14778. Is h composite?
True
Let k = -407 + 275. Is 8/(-44) + 346*(-282)/k composite?
False
Suppose -141318 = -w + 5*u, 0 = 4*w - 5*u - 747859 + 182512. Is w a composite number?
True
Let x be (18/8)/(6/27504). Is (x - 8) + -4 - (-2 - -3) a composite number?
False
Is (-64)/(-160) + 4794867/45 composite?
True
Suppose 4*c = -171 + 11. Let a = 40 + c. Suppose a = 5*t - 2052 - 1603. Is t a prime number?
False
Let x = 16 + -14. Let t be (x/6)/((-7)/(-42)). Suppose 0 = -t*k + l + 937, -4*k + k + 1405 = -2*l. Is k a composite number?
True
Let c = 2977 + 1451. Suppose 0 = 13*r + 515 - c. Is r composite?
True
Let 